{"id":334,"date":"2018-08-24T21:08:13","date_gmt":"2018-08-24T20:08:13","guid":{"rendered":"https:\/\/mariestinana.de\/?page_id=334"},"modified":"2018-08-24T21:10:27","modified_gmt":"2018-08-24T20:10:27","slug":"packungsbeilage","status":"publish","type":"page","link":"https:\/\/mariestinana.de\/?page_id=334","title":{"rendered":"Packungsbeilage"},"content":{"rendered":"<h1>Impressum<\/h1>\n<p>Angaben gem\u00e4\u00df \u00a7 5 TMG<\/p>\n<p>Marie G\u00f6nnenwein<br \/>\nRickmerspark 12<br \/>\n22926 Ahrensburg<\/p>\n<p><strong>Kontakt:<\/strong><br \/>\nE-Mail:<span style=\"color: #009000;\"> blog@mariestinana.de<\/span><\/p>\n<p><strong>Verantwortlich f\u00fcr den Inhalt nach \u00a7 55 Abs. 2 RStV:<\/strong><br \/>\nMarie G\u00f6nnenwein<br \/>\nRickmerspark 12<br \/>\n22926 Ahrensburg<\/p>\n<p><strong>Haftungsausschluss: <\/strong><\/p>\n<p><strong>Haftung f\u00fcr Links<\/strong><\/p>\n<p>Unser Angebot enth\u00e4lt Links zu externen Webseiten Dritter, auf deren Inhalte wir keinen Einfluss haben. Deshalb k\u00f6nnen wir f\u00fcr diese fremden Inhalte auch keine Gew\u00e4hr \u00fcbernehmen. F\u00fcr die Inhalte der verlinkten Seiten ist stets der jeweilige Anbieter oder Betreiber der Seiten verantwortlich. Die verlinkten Seiten wurden zum Zeitpunkt der Verlinkung auf m\u00f6gliche Rechtsverst\u00f6\u00dfe \u00fcberpr\u00fcft. Rechtswidrige Inhalte waren zum Zeitpunkt der Verlinkung nicht erkennbar. Eine permanente inhaltliche Kontrolle der verlinkten Seiten ist jedoch ohne konkrete Anhaltspunkte einer Rechtsverletzung nicht zumutbar. Bei Bekanntwerden von Rechtsverletzungen werden wir derartige Links umgehend entfernen.<\/p>\n","protected":false},"excerpt":{"rendered":"<p>Impressum Angaben gem\u00e4\u00df \u00a7 5 TMG Marie G\u00f6nnenwein Rickmerspark 12 22926 Ahrensburg Kontakt: E-Mail: blog@mariestinana.de Verantwortlich f\u00fcr den Inhalt nach \u00a7 55 Abs. 2 RStV: Marie G\u00f6nnenwein Rickmerspark 12 22926 Ahrensburg Haftungsausschluss: Haftung f\u00fcr Links Unser Angebot enth\u00e4lt Links zu externen Webseiten Dritter, auf deren Inhalte wir keinen Einfluss haben. Deshalb k\u00f6nnen wir f\u00fcr diese &#8230;<\/p>\n","protected":false},"author":1,"featured_media":0,"parent":0,"menu_order":0,"comment_status":"open","ping_status":"open","template":"","meta":[],"_links":{"self":[{"href":"https:\/\/mariestinana.de\/index.php?rest_route=\/wp\/v2\/pages\/334"}],"collection":[{"href":"https:\/\/mariestinana.de\/index.php?rest_route=\/wp\/v2\/pages"}],"about":[{"href":"https:\/\/mariestinana.de\/index.php?rest_route=\/wp\/v2\/types\/page"}],"author":[{"embeddable":true,"href":"https:\/\/mariestinana.de\/index.php?rest_route=\/wp\/v2\/users\/1"}],"replies":[{"embeddable":true,"href":"https:\/\/mariestinana.de\/index.php?rest_route=%2Fwp%2Fv2%2Fcomments&post=334"}],"version-history":[{"count":4,"href":"https:\/\/mariestinana.de\/index.php?rest_route=\/wp\/v2\/pages\/334\/revisions"}],"predecessor-version":[{"id":595,"href":"https:\/\/mariestinana.de\/index.php?rest_route=\/wp\/v2\/pages\/334\/revisions\/595"}],"wp:attachment":[{"href":"https:\/\/mariestinana.de\/index.php?rest_route=%2Fwp%2Fv2%2Fmedia&parent=334"}],"curies":[{"name":"wp","href":"https:\/\/api.w.org\/{rel}","templated":true}]}}